e the greatest common factor of 76 and f.
38
Let q be (6/4 - 1)*26. Let w = 1113 - 762. Suppose 4*x - x = w. Calculate the greatest common factor of q and x.
13
Suppose -n + 5*n = 0. Suppose k + 4*q - 100 = n, 0*k = -3*k + q + 248. Suppose m - k = -3*m. What is the greatest common divisor of m and 7?
7
Suppose 4*o - 3*g = 3*o + 45, 2*g - 2 = 0. Let d = -22 + o. What is the highest common factor of 65 and d?
13
Suppose 3*y - 87 = -q, 5*y + 5*q = -0*y + 135. Calculate the greatest common divisor of 6 and y.
6
Let n = 11 - 6. Suppose -n*h + 51 = -3*g, -5*h - 4*g = -36 - 1. What is the highest common divisor of 9 and h?
9
Let u be (-30)/(1*-1*(-26)/(-13)). Let n(t) = 8*t + 4. Let c be n(3). Let d = c + -18. Calculate the highest common divisor of d and u.
5
Let h = 7 + -2. Suppose w - 6*w = -25. What is the highest common divisor of h and w?
5
Let v be 30/7 + 2/(-7). Suppose 5*r - 4*t - 155 = 0, -2*t + 3*t = v*r - 113. Calculate the greatest common divisor of r and 18.
9
Let r be ((-12)/(-8))/((-2)/(-12)) + -4. Calculate the highest common factor of r and 20.
5
Let g(z) = -z**2 + 9*z + 2. Let c be (-4)/10 + 34/10. Suppose -2*w + 35 = c*w. Let s be g(w). What is the greatest common divisor of s and 8?
8
Let z = 79 + -37. Suppose 4*o + 18 = z. Let r = -60 - -114. Calculate the greatest common factor of o and r.
6
Let c be (-6)/(-18) - 115/3. Let z = 4 - c. What is the highest common factor of 105 and z?
21
Suppose -x - 2*k = -13, -21 = 3*x - 5*x + k. Suppose -2*n - 57 = -i, 0*i + 219 = 4*i + n. What is the greatest common divisor of i and x?
11
Suppose b = -3*v + 7, 2*b - 5*v - 13 = -10*v. Let h(l) = -l**3 + 5*l**2 + 3*l - 1. Let p be h(b). What is the greatest common divisor of 216 and p?
27
Let p = 20 + -8. Calculate the greatest common divisor of 108 and p.
12
Let p = 5 + -9. Let q be (p/6)/((-2)/57). Let l be (8/20)/(1/380). What is the highest common factor of q and l?
19
Suppose 5*v + 2*n - 129 = 0, 0 = 4*v + n - 0*n - 102. Let x be -10*(-1 - 4)*2. What is the highest common factor of v and x?
25
Let h = -26 - -39. Suppose 650 = -2*g + 7*g - j, -3*g = -4*j - 390. Suppose 5*l - 3*l - g = 0. What is the highest common divisor of h and l?
13
Suppose 3*j + 12 = 0, n + 3*j + 2*j + 17 = 0. What is the highest common divisor of 3 and n?
3
Let y(g) be the third derivative of g**5/60 + g**4/12 + 3*g**2. Let z be (-1 - -2)/((-2)/10). Let j be y(z). What is the greatest common factor of 3 and j?
3
Let r = 124 + -68. Calculate the highest common factor of r and 8.
8
Let s(x) = -x + 1. Let i be s(-16). Suppose -v + 14 = -37. What is the highest common factor of i and v?
17
Let k = 22 + -15. Let m be (8/3 + 0)*21. What is the greatest common factor of k and m?
7
Suppose -d = -5*d + 3*p + 97, 99 = 3*d + 3*p. Calculate the highest common factor of 7 and d.
7
Let u(a) = -a**2 - 5*a + 10. Let w be u(-7). Let c = -4 - w. Suppose -l + 2*l - 35 = c. What is the highest common factor of l and 7?
7
Let b(n) = n**3 + 7*n**2 - 7*n + 9. Let t be b(-8). Let f(o) = t + 0 + 2*o + 4. Let s be f(5). Calculate the highest common divisor of s and 3.
3
Suppose -3*c - 32 = -4*c. Let p = 96 + -16. What is the highest common divisor of c and p?
16
Let w(y) = y**2 + 11. Let u be w(-8). Suppose -2*a + 10 = l, 5*l + 5*a = -0*a + u. What is the highest common factor of 160 and l?
20
Let z(v) = -40*v**3 + v + 1. Let u be z(-1). Let o = -26 + u. What is the highest common factor of 14 and o?
14
Let h be ((1 - 0) + 1)*3. Calculate the highest common divisor of 27 and h.
3
Let j(x) be the second derivative of -2*x**2 + 0 - 3*x + 1/3*x**3. Let s be j(6). What is the highest common divisor of 1 and s?
1
Suppose 0 = -0*q + q - 30. Let y(v) = -2*v + 15. Let u be y(-15). Calculate the greatest common divisor of u and q.
15
Let j = 365 - 343. Let y = -5 - -7. What is the highest common factor of j and y?
2
Let f(o) = -o + 3. Let q be f(3). Suppose -5*v + v + 16 = q. Calculate the highest common factor of v and 16.
4
Let a = -30 + 60. Suppose 28*b = 29*b - 10. Calculate the greatest common factor of b and a.
10
Let b = 1 - -2. Suppose j - d = 5, b*j - 5*j - d = -10. Suppose 3*u = -j*c + 4 + 6, 0 = 4*c + 4*u. Calculate the greatest common divisor of c and 5.
5
Let a be 10/(((-2)/6)/((-16)/12)). What is the highest common divisor of a and 280?
40
Let b(u) = 4*u**2 + u + 1. Let q be b(-1). Let h = 79 + -67. Calculate the highest common factor of h and q.
4
Let o be (-1 - 4)*(-8)/10. Let b(l) = 5*l - 13. Let n(m) = m + 4. Let y be n(5). Let d be b(y). What is the greatest common factor of o and d?
4
Let f(i) = i + 11. Suppose -v = -3*v + 22. Let d be f(v). What is the highest common factor of 33 and d?
11
Let v be (4/3)/((-6)/(-27)). Suppose 3*p = -j + 82, 3*p = p + j + 53. Let i be p - (9*-1)/(-3). What is the greatest common divisor of v and i?
6
Suppose -9 = 3*p, -13 = -z - 0*p + p. Suppose 0 = 4*c + 1 - 21. What is the greatest common factor of c and z?
5
Let y = 3 - -5. Calculate the greatest common divisor of y and 8.
8
Suppose -6*n + 8 = -2*n. Suppose -2*x + 4*x + i = 63, 0 = n*x - 2*i - 66. Let f be 86/10 - (-3)/(-5). Calculate the highest common factor of f and x.
8
Suppose -834 = j + 387. Let a be j/(-27) + (-2)/9. Suppose 0*h - h = -a. Calculate the greatest common divisor of 18 and h.
9
Suppose m + 2*w - 57 = 7*w, 0 = m + 2*w - 64. Calculate the greatest common factor of m and 31.
31
Let h = -36 - -66. Calculate the greatest common divisor of 330 and h.
30
Suppose -y = -3*l - 4*y + 78, 0 = -l - 2*y + 27. Calculate the greatest common factor of 275 and l.
25
Let v be (2 - 4)/((-4)/(-34)). Suppose -4*n = -0*n - 5*h - 168, -n + 42 = 3*h. Let c = n + v. What is the greatest common divisor of 5 and c?
5
Suppose 0 = 8*k - 595 + 163. What is the highest common divisor of 27 and k?
27
Let p(o) = 3*o**2 + 8*o - 11. Let u be p(-11). Let s = u - 187. What is the greatest common divisor of 7 and s?
7
Suppose -32*a = -36*a + 52. What is the greatest common divisor of 26 and a?
13
Let w(f) be the first derivative of 91/2*f**2 - 1 - f. Let k be w(1). Calculate the greatest common factor of k and 10.
10
Let n be (-63)/(-4) + 39/(-52). What is the highest common factor of n and 3?
3
Suppose -192 = -2*x - x. Let p be 3/12 - (-91)/4. Let s be p/3 + 6/18. Calculate the highest common factor of x and s.
8
Let k(f) = f**2 + 5*f + 1. Let a be k(-5). Let t be (-2 + a)/((-9)/486). What is the highest common factor of t and 9?
9
Let a(j) = j**2 - 1. Let m be a(-1). Suppose 2*v = 5*h + 105, m*h - 2*h = 5*v - 219. Let b be (2 + 0)/(-2) + 19. What is the greatest common divisor of v and b?
9
Suppose 0 = -17*l + 12*l + 1520. Let t = -96 + l. Calculate the highest common divisor of 26 and t.
26
Let d be 3/(-4) - 329/(-28). Calculate the greatest common divisor of d and 121.
11
Let y be (3/(-9))/(2/138). Let v be 0 + 63 + (-2)/2. Let l = v + y. What is the highest common factor of 13 and l?
13
Let j be (-13)/(52/(-48))*2/2. What is the highest common factor of 18 and j?
6
Let d = 1 - -2. Let p be 1/(4 + (-9)/d). What is the greatest common factor of 2 and p?
1
Suppose q - 2*m = -300, 2*q = 3*q + 5*m + 279. Let x = -177 - q. Calculate the highest common divisor of x and 13.
13
Let t(s) = s**2 - 1. Let r be t(4). Let u(j) = -j**2 + 6*j - 5. Let y be u(4). Calculate the greatest common divisor of r and y.
3
Let y = 7 + 23. Suppose 0 = 3*g + 4*c + 83, -4*g - 4*c - 71 = 33. Let k = g + y. Calculate the highest common divisor of k and 3.
3
Let t(l) = -l**3 - 8*l**2 - 8*l - 6. Let q be t(-7). Let b = 5 + -3. Suppose -b*z - 25 = -7*z. Calculate the highest common divisor of z and q.
1
Suppose 3*y + 3*h - 21 = 0, 5*y - 27 = h - 4*h. What is the highest common divisor of 1 and y?
1
Let v = 1 + 1. Suppose 3*h - n - 12 = 8, -v*h = -2*n - 20. What is the greatest common factor of 15 and h?
5
Let q = 18 + -20. Let y be q/(-9) - 1106/(-126). Calculate the highest common divisor of y and 72.
9
Let b be (-18)/(-4)*28/(-3). Let p = 17 - b. Let q = p - 26. Calculate the highest common factor of 11 and q.
11
Let d = 36 + -22. Let k be (514/(-8))/(2/(-8)). Let b = -159 + k. What is the greatest common factor of d and b?
14
Suppose 3*s - 6*n = -n + 187, -n + 103 = 2*s. Let v = 63 + -57. What is the highest common factor of s and v?
6
